it of (1/(1 - 0))/(19/15447)?
3
Suppose -2*c + 2 = 4. What is the units digit of (c/(-1) - 2)*-43?
3
What is the units digit of (357/7)/1 - -7?
8
Suppose -27*h = -25*h - 1220. What is the tens digit of h?
1
Suppose -3*q + 0*q = -12. What is the tens digit of ((-84)/(-10) + 0)/(q/10)?
2
Let z = 1 + 5. Suppose z*v = 156 + 540. Suppose 3*w = -v + 293. What is the units digit of w?
9
Let c = 8538 - 3192. What is the hundreds digit of c?
3
Suppose 0 = 3*l + 15, g - 2*l + l - 18 = 0. Let y = 102 + g. What is the units digit of y?
5
Let u(x) = -x**2. Let k(a) = -2*a**2 + 3*a - 1. Let t(v) = k(v) - 6*u(v). Let l be t(-3). What is the units digit of 6/(-4) - (-741)/l?
7
Let d(j) = 3*j**2 - 102*j + 240. What is the hundreds digit of d(45)?
7
Let g = -8 + 12. Let l be (-10 + g)*(-16)/6. Let m = l + -1. What is the tens digit of m?
1
Let u(b) = 3*b. Let c(g) = 2*g. Let s(w) = -5*c(w) + 3*u(w). Let m be s(-4). Suppose -4*n + 2*d + 108 = 0, -2*d - 3*d = -m*n + 102. What is the tens digit of n?
2
Suppose -2*x = 4*l - 16, -3*x = l + 2*l - 18. Let m(j) = x - 3 + 54*j - 50*j + 2*j**2. What is the tens digit of m(-4)?
1
Suppose -3*r = -5 + 2. Suppose 4*k = 5*p - 13, -5*k + 2*p + 4 = -r. What is the units digit of (9/(-6))/(k/(-18))?
9
What is the units digit of (-56)/(-126) - 2764/(-18)?
4
Suppose -z - 112 = z. Suppose -2*f - 2*o + 21 - 67 = 0, -3*f - o = 75. Let n = f - z. What is the tens digit of n?
3
Let f be (1 - (-3 - -6))*1. Let g = 0 + f. What is the units digit of (g - 1) + 39 + -2?
4
Let u(s) = s**2 + 5*s - 14. Let a be u(-7). Suppose a = -5*h - h. Suppose h = q - 3 - 3. What is the units digit of q?
6
Let r be (2/4)/((-1)/2) - -11. Suppose 0*k = -r*k + 1350. What is the hundreds digit of k?
1
Suppose 5*n - 14620 = -2*r, 437 = -n - 5*r + 3384. What is the tens digit of n?
2
Let a(c) = 8*c**3 + 2*c**2 - c. Let o be a(1). Suppose -5*s = -o - 1. Suppose -3*q = s*h + 44 - 116, -2*q + h + 41 = 0. What is the units digit of q?
2
What is the units digit of -8 + (-1 - -6 - 3) - -921?
5
Suppose -5*h = b - 12 - 8, -5*b - 2*h + 77 = 0. What is the hundreds digit of -3 + 9/6*1460/b?
1
Let a = 1 - -3. Suppose -a*u + 2*u + 68 = 5*j, 3*j = -2*u + 40. Suppose -v = -26 - j. What is the units digit of v?
0
Let z(t) = t + 9. Suppose -2*w = -0*w + 14. Let g be z(w). Suppose 3*j - 3*x = 42, g*j + 7 = -x + 23. What is the units digit of j?
0
Let y = 6 - 2. Suppose -y*v = -v. Suppose 4*k + v*k - 4 = 0. What is the units digit of k?
1
Suppose -3*y = -5*m + 26, 3*m = -0*m - 3*y + 6. Suppose 4 = m*d - 120. What is the tens digit of d?
3
Suppose 3*v = -6, 4*v = -5*f - v + 10. Suppose -4*y + 40 = 4*p, 5*p - f*y - 22 = -2*y. What is the units digit of p?
6
Let k = 47 - 81. Suppose -348 = 194*h - 200*h. Let f = h + k. What is the units digit of f?
4
Suppose 22 = 3*y + 10. Suppose 5*r + q - y*q - 230 = 0, -2*q + 92 = 2*r. What is the units digit of r?
6
Suppose n + 2*b - 7 = 0, 0 = 3*n - 2*n + 3*b - 7. Let c = -9 - -5. Let g = n + c. What is the units digit of g?
3
Let n(j) = -j**2 - 10*j - 26. Let b be n(-4). Let l(p) = 12*p**2 + 6*p + 1. What is the units digit of l(b)?
7
Suppose -28 + 1306 = 18*c. Let o(f) = -5*f. Let v be o(-1). Suppose -s = 5*g - 17, -4*s + v*g = c - 264. What is the units digit of s?
2
Let w(u) = 6*u + 5*u**2 - 2 + 0 - 6*u**2. Let q be w(5). What is the units digit of 3 - (3 + (-9)/q)?
3
Suppose -34*k + 32*k = -798. What is the tens digit of k?
9
Suppose c - z = 310 + 12, 2*c + 4*z = 668. What is the units digit of c?
6
What is the hundreds digit of ((-115)/(-20))/(6/360) + 2?
3
Let v(x) = x - 3. Let s be v(6). What is the units digit of (3/(-9) - (-1)/s) + 116?
6
Let k = 521 + 1628. What is the hundreds digit of k?
1
What is the thousands digit of 11/(-44)*10*6398/(-5)?
3
Let k = 715 + -473. Suppose 4*t = -2*v + 548, -5*t + k = -5*v - 413. What is the units digit of t?
5
Let i = -176 - -193. What is the tens digit of i?
1
Suppose -39*t + 16849 = -59513. What is the tens digit of t?
5
Suppose 2*c - 11 + 5 = 0. What is the units digit of (-2)/c - 6/(-9) - -116?
6
Suppose 3*n = -4*i + 14, -3*n + 0*n + i = -4. Suppose -4*p = 4*t - 268, n*t + 2*t + 122 = 2*p. What is the tens digit of p?
6
Let k(o) = -141*o + 3. What is the tens digit of k(-3)?
2
Suppose g + l = 6*l + 491, 0 = g + 4*l - 473. What is the units digit of g?
1
Suppose 3*b - 66 = 4*u, 4*b - 3*u + 28 = 116. Suppose -2*z = 0, r - z + 0*z - 11 = 0. Suppose b = 3*y - r. What is the units digit of y?
1
Let d(y) = 10*y - 14. Let r be d(10). Suppose -5*h + r = -159. What is the units digit of h?
9
Suppose 0*q - 2*j + 62 = -4*q, -q + 5*j = -7. Let i be (-14)/(-63) + (-1508)/q. Suppose -5*l = 2*s - 21, -5*s + i = 2*l - 21. What is the tens digit of s?
2
Suppose -6*k + 622 = -4*k. What is the tens digit of k?
1
Suppose 0 = 4*a - a + s + 140, 5*a + 200 = 5*s. Let j = a + 80. What is the units digit of j?
5
Let v(p) = 11*p + 36. Let z(j) = 55*j + 180. Let m(l) = -11*v(l) + 2*z(l). What is the units digit of m(-10)?
4
Suppose -23 = -3*d + 4*o, 5*o + 18 = 2*d + o. Suppose 4*q - 9 = -5*b - 3, d*b = q + 11. Let k(v) = 5*v + 2. What is the tens digit of k(b)?
1
Suppose -5*k = -736 - 1209. What is the hundreds digit of k?
3
Let s(z) = -z**3 - 21*z**2 - 2*z - 50. Let o be s(-21). What is the units digit of -10*50/o - (-6)/(-12)?
2
Suppose -4*a = -11 - 9. Suppose -3*x + 21 = a*o, 5*o - 3*o = 6. What is the tens digit of 62 + (-2)/4*x?
6
Let v(g) = 3*g**3 + 3*g**2 + 12*g - 36. What is the hundreds digit of v(4)?
2
Let i(n) = -n + 1. Let p = -10 - -19. Suppose -15 = 4*k + p. What is the units digit of i(k)?
7
What is the units digit of (9 - 3 - 2) + 129?
3
Suppose 0*g + 3 = 4*g + 5*j, -4*g + 10 = -2*j. Suppose m + g*x - 38 = 0, 5*x = m + 2*x - 18. Let n = 7 + m. What is the units digit of n?
7
Suppose 4*r - r = 21. Let k = -7 + r. Suppose k = 2*b - 7*b + 55. What is the tens digit of b?
1
Let v(q) = 11*q - 7. Let o be (8/(-2) - -3)*-9. What is the units digit of v(o)?
2
Let t(r) = 37*r**2 - 24*r - 100. What is the tens digit of t(-4)?
8
Let j(p) = 50*p + 6. Let s be j(6). What is the units digit of 8/20 + s/10?
1
What is the thousands digit of 1313/((-2)/(-2)*(-1 + 2))?
1
Let p(t) = -63*t + 152. What is the tens digit of p(-6)?
3
Let a be 22 - (-1)/((-1)/(-2)). Suppose -4*z = 4*f - 24, 3*f + a = 7*f - 4*z. What is the units digit of 4/f - 16/(-3)?
6
Let t(z) = -30*z + 4. Let r be t(-3). Suppose -r = 48*l - 49*l. What is the units digit of l?
4
Let g = -554 - -717. What is the units digit of g?
3
Let g(h) = 5*h + 4*h**3 + 1 - 3*h**3 + 5 - 5 - 4*h**2. Let x be (6/(-5))/(3/(-10)). What is the tens digit of g(x)?
2
Let g(m) = -m + 4. Let j be g(-2). Let f be 264/16*16/j. Suppose -f = -3*c + 118. What is the tens digit of c?
5
Let n(o) = -o**3 + 6*o**2 - 6*o + 5. Suppose 5*k + 5 = 25. Let d be n(k). Suppose 4*v - 23 = -3*y, 5 + d = 3*y + 3*v. What is the units digit of y?
1
Let d be 0 - (3168/(-4) - 4). What is the units digit of d/5 + (104/(-20) - -5)?
9
Let b(j) = j**2 + 12*j + 17. Let i be b(-10). Let t(a) = -4*a - 5. What is the units digit of t(i)?
7
Let y = 15 + 15. Let v = y + -28. Suppose 4*o = -3*z + 95, z - v*z = -1. What is the units digit of o?
3
Let i(p) = -p**3 + 10*p**2 + 9*p + 13. Let v be (-2)/10 - (-952)/85. Let x be i(v). What is the tens digit of 57*(12/x - -2)?
3
Let i be (-17)/(-2)*130/5. Let s = -67 + i. Suppose -2*y - b = -s, -5*y = -2*b - 243 - 142. What is the tens digit of y?
7
Let s = -109 + 220. Suppose s = 2*y - 5*u, -u - 48 = -4*y + 3*y. Let q = 71 - y. What is the tens digit of q?
2
Let k be -5*(-6)/15*1. Suppose s = k*s - 13. Suppose t - 2*t = -s. What is the tens digit of t?
1
Let c be 6/(-14) + 217/49. Let q be (-2)/(-16)*c*-2. Let b(x) = x**3 + 3*x**2 - 1. What is the units digit of b(q)?
1
Let m(a) = 84*a**2. Let w be m(-1). Suppose -5*k + k - 4*h + w = 0, -3*k + 4*h = -63. What is the tens digit of (-86)/(-6) - 7/k?
1
Suppose -2*k + 5*w = -49 - 8, -2*w = 10. What is the tens digit of k?
1
Let s = 2927 - 1624. What is the tens digit of s?
0
Let g(i) = -i**2 + 36. Let n be g(6). Suppose n = -5*x + 4*r + 19, 4*x - r + 6*r = 48. What is the units digit of x?
7
Let w(x) = 13*x + 9. What is the units digit of w(26)?
7
Let y(d) = -153*d - 91. What is the tens digit of y(-5)?
7
Let i = 378 - 28